{"id":14,"date":"2016-04-20T16:49:22","date_gmt":"2016-04-20T16:49:22","guid":{"rendered":"http:\/\/wp.gartenhallenbad.com\/?page_id=14"},"modified":"2025-06-09T15:19:07","modified_gmt":"2025-06-09T15:19:07","slug":"vorstand","status":"publish","type":"page","link":"https:\/\/gartenhallenbad.eu\/?page_id=14","title":{"rendered":"Vorstand"},"content":{"rendered":"<table style=\"height: 1000px;\" width=\"500\">\n<tbody>\n<tr>\n<td><img loading=\"lazy\" decoding=\"async\" class=\"wp-image-270 aligncenter\" src=\"https:\/\/gartenhallenbad.eu\/wp-content\/uploads\/2022\/06\/Passbild_2-234x300.jpg\" alt=\"\" width=\"119\" height=\"152\" srcset=\"https:\/\/gartenhallenbad.eu\/wp-content\/uploads\/2022\/06\/Passbild_2-234x300.jpg 234w, https:\/\/gartenhallenbad.eu\/wp-content\/uploads\/2022\/06\/Passbild_2-798x1024.jpg 798w, https:\/\/gartenhallenbad.eu\/wp-content\/uploads\/2022\/06\/Passbild_2-768x985.jpg 768w, https:\/\/gartenhallenbad.eu\/wp-content\/uploads\/2022\/06\/Passbild_2.jpg 827w\" sizes=\"auto, (max-width: 119px) 100vw, 119px\" \/><\/td>\n<td style=\"text-align: left; padding-left: 30px;\">\n<h5>1. Vorsitzender<\/h5>\n<p>Ulrich Knoop<br \/>\nAm Hardtkopf 13<br \/>\n58769 Nachrodt-Wiblingwerde<br \/>\n02352-335892<br \/>\n<a href=\"mailto:info@gartenhallenbad.eu\">info@gartenhallenbad.eu<\/a><\/td>\n<\/tr>\n<tr>\n<td><\/td>\n<td style=\"text-align: left; padding-left: 30px;\">\n<h5>stellvertretender Vorsitzender<\/h5>\n<p>Christian Pohlmann<br \/>\nMeisenweg 14<br \/>\n58769 Nachrodt-Wiblingwerde<\/td>\n<\/tr>\n<tr style=\"padding-left: 30px;\">\n<td>\u00a0<img loading=\"lazy\" decoding=\"async\" class=\"alignnone wp-image-152 size-full\" src=\"https:\/\/gartenhallenbad.eu\/wp-content\/uploads\/2016\/04\/jochem.jpg\" alt=\"jochem\" width=\"150\" height=\"200\" \/><\/td>\n<td style=\"padding-left: 30px;\">\n<h5>Kassenwart<\/h5>\n<p>Jochem Demmer<br \/>\nKampstr. 7<br \/>\n58769 Nachrodt<br \/>\n015738106270<br \/>\nelektro-jod@imail.de<\/td>\n<\/tr>\n<tr style=\"padding-left: 30px;\">\n<td>\u00a0<img loading=\"lazy\" decoding=\"async\" class=\"alignnone wp-image-95 size-full\" src=\"https:\/\/gartenhallenbad.eu\/wp-content\/uploads\/2016\/04\/platzhalter-3.jpg\" alt=\"platzhalter\" width=\"150\" height=\"200\" \/><\/td>\n<td style=\"padding-left: 30px;\">\n<h5>Schriftf\u00fchrerin<\/h5>\n<p>Martina Humme<br \/>\nIm Stuckenhahn<br \/>\n58769 Nachrodt<\/td>\n<\/tr>\n<tr style=\"padding-left: 30px;\">\n<td><img loading=\"lazy\" decoding=\"async\" class=\"alignnone wp-image-95 size-full\" src=\"https:\/\/gartenhallenbad.eu\/wp-content\/uploads\/2016\/04\/platzhalter-3.jpg\" alt=\"platzhalter\" width=\"150\" height=\"200\" \/><\/td>\n<td style=\"padding-left: 30px;\">\n<h5>Beauftragte f\u00fcr \u00d6ffentlichkeitsarbeit<\/h5>\n<p>Barbara Rautenberg<br \/>\nBerliner Allee 43<br \/>\n58642\u00a0\u00a0\u00a0 Iserlohn<\/td>\n<\/tr>\n<\/tbody>\n<\/table>\n","protected":false},"excerpt":{"rendered":"<p>1. Vorsitzender Ulrich Knoop Am Hardtkopf 13 58769 Nachrodt-Wiblingwerde 02352-335892 info@gartenhallenbad.eu stellvertretender Vorsitzender Christian Pohlmann Meisenweg 14 58769 Nachrodt-Wiblingwerde \u00a0 Kassenwart Jochem Demmer Kampstr. 7 58769 Nachrodt 015738106270 elektro-jod@imail.de \u00a0 Schriftf\u00fchrerin Martina Humme Im Stuckenhahn 58769 Nachrodt Beauftragte f\u00fcr \u00d6ffentlichkeitsarbeit&hellip; <\/p>\n","protected":false},"author":1,"featured_media":0,"parent":0,"menu_order":0,"comment_status":"closed","ping_status":"closed","template":"","meta":{"footnotes":""},"class_list":["post-14","page","type-page","status-publish","hentry"],"_links":{"self":[{"href":"https:\/\/gartenhallenbad.eu\/index.php?rest_route=\/wp\/v2\/pages\/14","targetHints":{"allow":["GET"]}}],"collection":[{"href":"https:\/\/gartenhallenbad.eu\/index.php?rest_route=\/wp\/v2\/pages"}],"about":[{"href":"https:\/\/gartenhallenbad.eu\/index.php?rest_route=\/wp\/v2\/types\/page"}],"author":[{"embeddable":true,"href":"https:\/\/gartenhallenbad.eu\/index.php?rest_route=\/wp\/v2\/users\/1"}],"replies":[{"embeddable":true,"href":"https:\/\/gartenhallenbad.eu\/index.php?rest_route=%2Fwp%2Fv2%2Fcomments&post=14"}],"version-history":[{"count":26,"href":"https:\/\/gartenhallenbad.eu\/index.php?rest_route=\/wp\/v2\/pages\/14\/revisions"}],"predecessor-version":[{"id":557,"href":"https:\/\/gartenhallenbad.eu\/index.php?rest_route=\/wp\/v2\/pages\/14\/revisions\/557"}],"wp:attachment":[{"href":"https:\/\/gartenhallenbad.eu\/index.php?rest_route=%2Fwp%2Fv2%2Fmedia&parent=14"}],"curies":[{"name":"wp","href":"https:\/\/api.w.org\/{rel}","templated":true}]}}