{"id":18,"date":"2016-04-20T16:51:01","date_gmt":"2016-04-20T16:51:01","guid":{"rendered":"http:\/\/wp.gartenhallenbad.com\/?page_id=18"},"modified":"2019-07-12T08:20:20","modified_gmt":"2019-07-12T08:20:20","slug":"wasseraufsicht","status":"publish","type":"page","link":"https:\/\/gartenhallenbad.eu\/?page_id=18","title":{"rendered":"Wasseraufsicht"},"content":{"rendered":"\n<p>Unsere Rettungsschwimmer sind f\u00fcr den Erhalt unseres Gartenhallenbades von gr\u00f6\u00dfter Bedeutung. Nur mit ihrer Unterst\u00fctzung k\u00f6nnen wir die \u00d6ffnungszeiten aufrecht erhalten. Auch bei der Durchf\u00fchrung von Kindergeburtstagen sind sie unverzichtbar.<\/p>\n\n\n\n<figure class=\"wp-block-image\"><img loading=\"lazy\" decoding=\"async\" width=\"1024\" height=\"1008\" src=\"http:\/\/gartenhallenbad.com\/wp-content\/uploads\/2019\/07\/IMG_2242-2-1-1024x1008.jpg\" alt=\"\" class=\"wp-image-198\" srcset=\"https:\/\/gartenhallenbad.eu\/wp-content\/uploads\/2019\/07\/IMG_2242-2-1-1024x1008.jpg 1024w, https:\/\/gartenhallenbad.eu\/wp-content\/uploads\/2019\/07\/IMG_2242-2-1-300x295.jpg 300w, https:\/\/gartenhallenbad.eu\/wp-content\/uploads\/2019\/07\/IMG_2242-2-1-768x756.jpg 768w, https:\/\/gartenhallenbad.eu\/wp-content\/uploads\/2019\/07\/IMG_2242-2-1-80x80.jpg 80w, https:\/\/gartenhallenbad.eu\/wp-content\/uploads\/2019\/07\/IMG_2242-2-1-1320x1300.jpg 1320w\" sizes=\"auto, (max-width: 1024px) 100vw, 1024px\" \/><\/figure>\n","protected":false},"excerpt":{"rendered":"<p>Unsere Rettungsschwimmer sind f\u00fcr den Erhalt unseres Gartenhallenbades von gr\u00f6\u00dfter Bedeutung. Nur mit ihrer Unterst\u00fctzung k\u00f6nnen wir die \u00d6ffnungszeiten aufrecht erhalten. Auch bei der Durchf\u00fchrung von Kindergeburtstagen sind sie unverzichtbar.<\/p>\n","protected":false},"author":1,"featured_media":0,"parent":0,"menu_order":0,"comment_status":"closed","ping_status":"closed","template":"","meta":{"footnotes":""},"class_list":["post-18","page","type-page","status-publish","hentry"],"_links":{"self":[{"href":"https:\/\/gartenhallenbad.eu\/index.php?rest_route=\/wp\/v2\/pages\/18","targetHints":{"allow":["GET"]}}],"collection":[{"href":"https:\/\/gartenhallenbad.eu\/index.php?rest_route=\/wp\/v2\/pages"}],"about":[{"href":"https:\/\/gartenhallenbad.eu\/index.php?rest_route=\/wp\/v2\/types\/page"}],"author":[{"embeddable":true,"href":"https:\/\/gartenhallenbad.eu\/index.php?rest_route=\/wp\/v2\/users\/1"}],"replies":[{"embeddable":true,"href":"https:\/\/gartenhallenbad.eu\/index.php?rest_route=%2Fwp%2Fv2%2Fcomments&post=18"}],"version-history":[{"count":3,"href":"https:\/\/gartenhallenbad.eu\/index.php?rest_route=\/wp\/v2\/pages\/18\/revisions"}],"predecessor-version":[{"id":199,"href":"https:\/\/gartenhallenbad.eu\/index.php?rest_route=\/wp\/v2\/pages\/18\/revisions\/199"}],"wp:attachment":[{"href":"https:\/\/gartenhallenbad.eu\/index.php?rest_route=%2Fwp%2Fv2%2Fmedia&parent=18"}],"curies":[{"name":"wp","href":"https:\/\/api.w.org\/{rel}","templated":true}]}}