{"id":28,"date":"2016-04-20T16:53:40","date_gmt":"2016-04-20T16:53:40","guid":{"rendered":"http:\/\/wp.gartenhallenbad.com\/?page_id=28"},"modified":"2025-05-08T11:41:54","modified_gmt":"2025-05-08T11:41:54","slug":"hallentoedel","status":"publish","type":"page","link":"https:\/\/gartenhallenbad.eu\/?page_id=28","title":{"rendered":"Tr\u00f6delmarkt"},"content":{"rendered":"<p><img loading=\"lazy\" decoding=\"async\" class=\"wp-image-161  alignright\" src=\"https:\/\/gartenhallenbad.eu\/wp-content\/uploads\/2016\/04\/Foto-05.03.17-12-21-08-1-1024x768.jpg\" alt=\"\" width=\"175\" height=\"131\" srcset=\"https:\/\/gartenhallenbad.eu\/wp-content\/uploads\/2016\/04\/Foto-05.03.17-12-21-08-1-1024x768.jpg 1024w, https:\/\/gartenhallenbad.eu\/wp-content\/uploads\/2016\/04\/Foto-05.03.17-12-21-08-1-300x225.jpg 300w, https:\/\/gartenhallenbad.eu\/wp-content\/uploads\/2016\/04\/Foto-05.03.17-12-21-08-1-768x576.jpg 768w\" sizes=\"auto, (max-width: 175px) 100vw, 175px\" \/>Der Hallentr\u00f6delmarkt fand viele Jahre zwei mal j\u00e4hrlich in der Lennehalle statt und war au\u00dferordentlich beliebt. \u00a0Leider ist dieser so nicht mehr durchf\u00fchrbar, da eine Lennehalle f\u00fcr viele Jahre nicht mehr zur Verf\u00fcgung stehen wird.<\/p>\n<p><img loading=\"lazy\" decoding=\"async\" class=\"wp-image-314 alignleft\" src=\"https:\/\/gartenhallenbad.eu\/wp-content\/uploads\/2023\/05\/20230430_130359-300x225.jpg\" alt=\"\" width=\"175\" height=\"131\" srcset=\"https:\/\/gartenhallenbad.eu\/wp-content\/uploads\/2023\/05\/20230430_130359-300x225.jpg 300w, https:\/\/gartenhallenbad.eu\/wp-content\/uploads\/2023\/05\/20230430_130359-1024x768.jpg 1024w, https:\/\/gartenhallenbad.eu\/wp-content\/uploads\/2023\/05\/20230430_130359-768x576.jpg 768w, https:\/\/gartenhallenbad.eu\/wp-content\/uploads\/2023\/05\/20230430_130359-1536x1152.jpg 1536w, https:\/\/gartenhallenbad.eu\/wp-content\/uploads\/2023\/05\/20230430_130359-2048x1536.jpg 2048w\" sizes=\"auto, (max-width: 175px) 100vw, 175px\" \/>Deshalb werden die Tr\u00f6delm\u00e4rkte zuk\u00fcnftig wieder unter freiem Himmel auf dem Edeka Parkplatz stattfinden. Erstmals in 2023 wurde es\u00a0 wieder ein voller Erfolg f\u00fcr alle Beteiligten.<\/p>\n<p>Am Sonntag, dem <strong>04.05.2025<\/strong>, fand auf dem Parkplatz des EDEKA in Nachrodt-Wiblingwerde erneut ein gro\u00dfer Tr\u00f6delmarkt ausschlie\u00dflich f\u00fcr private Standbetreiber statt. Es war wieder ein sehr gro\u00dfer Erfolg. Allen Beteiligten hat es gro\u00dfen Spa\u00df gemacht.\u00a0 Und der gesamter Erl\u00f6s, sowohl aus den Standgeb\u00fchren als auch der Verpflegungsst\u00e4nde kam in vollem Umfang dem F\u00f6rderverein Gartenhallenbad zugute. <strong>Vielen Dank.<\/strong><\/p>\n\n\n<p>Einige Eindr\u00fccke: <a href=\"https:\/\/gartenhallenbad.eu\/?page_id=505\" data-type=\"page\" data-id=\"432\">Bilder Tr\u00f6delmarkt 2025<\/a><\/p>\n\n\n\n<p><\/p>\n","protected":false},"excerpt":{"rendered":"<p>Der Hallentr\u00f6delmarkt fand viele Jahre zwei mal j\u00e4hrlich in der Lennehalle statt und war au\u00dferordentlich beliebt. \u00a0Leider ist dieser so nicht mehr durchf\u00fchrbar, da eine Lennehalle f\u00fcr viele Jahre nicht mehr zur Verf\u00fcgung stehen wird. Deshalb werden die Tr\u00f6delm\u00e4rkte zuk\u00fcnftig&hellip; <\/p>\n","protected":false},"author":1,"featured_media":0,"parent":0,"menu_order":0,"comment_status":"closed","ping_status":"closed","template":"","meta":{"footnotes":""},"class_list":["post-28","page","type-page","status-publish","hentry"],"_links":{"self":[{"href":"https:\/\/gartenhallenbad.eu\/index.php?rest_route=\/wp\/v2\/pages\/28","targetHints":{"allow":["GET"]}}],"collection":[{"href":"https:\/\/gartenhallenbad.eu\/index.php?rest_route=\/wp\/v2\/pages"}],"about":[{"href":"https:\/\/gartenhallenbad.eu\/index.php?rest_route=\/wp\/v2\/types\/page"}],"author":[{"embeddable":true,"href":"https:\/\/gartenhallenbad.eu\/index.php?rest_route=\/wp\/v2\/users\/1"}],"replies":[{"embeddable":true,"href":"https:\/\/gartenhallenbad.eu\/index.php?rest_route=%2Fwp%2Fv2%2Fcomments&post=28"}],"version-history":[{"count":30,"href":"https:\/\/gartenhallenbad.eu\/index.php?rest_route=\/wp\/v2\/pages\/28\/revisions"}],"predecessor-version":[{"id":554,"href":"https:\/\/gartenhallenbad.eu\/index.php?rest_route=\/wp\/v2\/pages\/28\/revisions\/554"}],"wp:attachment":[{"href":"https:\/\/gartenhallenbad.eu\/index.php?rest_route=%2Fwp%2Fv2%2Fmedia&parent=28"}],"curies":[{"name":"wp","href":"https:\/\/api.w.org\/{rel}","templated":true}]}}

Trödelmarkt

<p><img loading="lazy" decoding="async" class="wp-image-161  alignright" src="https://gartenhallenbad.eu/wp-content/uploads/2016/04/Foto-05.03.17-12-21-08-1-1024x768.jpg" alt="" width="175" height="131" srcset="https://gartenhallenbad.eu/wp-content/uploads/2016/04/Foto-05.03.17-12-21-08-1-1024x768.jpg 1024w, https://gartenhallenbad.eu/wp-content/uploads/2016/04/Foto-05.03.17-12-21-08-1-300x225.jpg 300w, https://gartenhallenbad.eu/wp-content/uploads/2016/04/Foto-05.03.17-12-21-08-1-768x576.jpg 768w" sizes="auto, (max-width: 175px) 100vw, 175px" />Der Hallentrödelmarkt fand viele Jahre zwei mal jährlich in der Lennehalle statt und war außerordentlich beliebt.  Leider ist dieser so nicht mehr durchführbar, da eine Lennehalle für viele Jahre nicht mehr zur Verfügung stehen wird.</p>
<p><img loading="lazy" decoding="async" class="wp-image-314 alignleft" src="https://gartenhallenbad.eu/wp-content/uploads/2023/05/20230430_130359-300x225.jpg" alt="" width="175" height="131" srcset="https://gartenhallenbad.eu/wp-content/uploads/2023/05/20230430_130359-300x225.jpg 300w, https://gartenhallenbad.eu/wp-content/uploads/2023/05/20230430_130359-1024x768.jpg 1024w, https://gartenhallenbad.eu/wp-content/uploads/2023/05/20230430_130359-768x576.jpg 768w, https://gartenhallenbad.eu/wp-content/uploads/2023/05/20230430_130359-1536x1152.jpg 1536w, https://gartenhallenbad.eu/wp-content/uploads/2023/05/20230430_130359-2048x1536.jpg 2048w" sizes="auto, (max-width: 175px) 100vw, 175px" />Deshalb werden die Trödelmärkte zukünftig wieder unter freiem Himmel auf dem Edeka Parkplatz stattfinden. Erstmals in 2023 wurde es  wieder ein voller Erfolg für alle Beteiligten.</p>
<p>Am Sonntag, dem <strong>04.05.2025</strong>, fand auf dem Parkplatz des EDEKA in Nachrodt-Wiblingwerde erneut ein großer Trödelmarkt ausschließlich für private Standbetreiber statt. Es war wieder ein sehr großer Erfolg. Allen Beteiligten hat es großen Spaß gemacht.  Und der gesamter Erlös, sowohl aus den Standgebühren als auch der Verpflegungsstände kam in vollem Umfang dem Förderverein Gartenhallenbad zugute. <strong>Vielen Dank.</strong></p>


<p>Einige Eindrücke: <a href="https://gartenhallenbad.eu/?page_id=505" data-type="page" data-id="432">Bilder Trödelmarkt 2025</a></p>



<p></p>

<p>Der Hallentrödelmarkt fand viele Jahre zwei mal jährlich in der Lennehalle statt und war außerordentlich beliebt.  Leider ist dieser so nicht mehr durchführbar, da eine Lennehalle für viele Jahre nicht mehr zur Verfügung stehen wird. Deshalb werden die Trödelmärkte zukünftig&hellip; </p>
